0)). Let z(j) = 1 - 12*j**3 + 3*j**2 - c*j**2 - 5*j**2 + 4*j**2 + j. Let r be z(-2). What is the greatest common divisor of 13 and r?
13
Suppose 0 = -c - 4*s - 7, -c + 16 = -3*s + 2. Let f(w) = -3*w + 4 + c*w + w**2 - 5. Let p be f(-4). Calculate the highest common factor of 63 and p.
7
Let c be (-31)/(-2) + ((-9)/2 - -5). Calculate the highest common factor of c and 64.
16
Let n be ((-344)/(-129))/(2/6). Suppose 0 = 2*s - 3*s. Suppose s*l - 4*l + 4 = 0. Calculate the highest common factor of l and n.
1
Suppose -3*n = -n + 5*a - 12, 5*n = 2*a - 28. Let g be (8/6)/(n/(-72)). What is the greatest common divisor of 12 and g?
12
Let w be 56 + 3/(-3)*0 + 1. Suppose w = 2*i - v - 26, 4*i - 157 = -v. Calculate the greatest common divisor of 10 and i.
10
Let u be (7 + -2)*13 - 2. Suppose -4*r + 3 = -q - 4*q, -q = 4*r - 33. Calculate the greatest common divisor of r and u.
7
Suppose -u + 6*u = -345. Suppose 0 = 6*m - 3*m + 5*i + 82, 0 = 2*m - 3*i + 61. Let c = m - u. What is the greatest common divisor of c and 10?
10
Let d = -15 + 28. Let j(n) = -13 + 15*n - 4*n - 9*n. Let l be j(d). Calculate the greatest common divisor of l and 117.
13
Let n = -169 + 592. Calculate the highest common factor of 94 and n.
47
Let p = -98 - -2623. Calculate the highest common factor of 101 and p.
101
Let d = 143 - 130. Suppose 218 = q - 2*o, 0 = 4*q + o - 1232 + 405. What is the greatest common divisor of d and q?
13
Let z be (-5*20/75)/((-2)/876). Calculate the greatest common factor of 73 and z.
73
Let v(p) = p**2 + p + 3. Let l be v(-2). Suppose 2*q + 5*d = 3*d + 10, -l*q + 55 = -5*d. What is the highest common divisor of 20 and q?
4
Suppose 0 = -3*l + 5*c + 612, l + 5*c + 821 = 5*l. Calculate the greatest common factor of 55 and l.
11
Suppose 0 = -5*w + 234 + 711. Let v be (-2)/4*(-28)/14 - -20. Calculate the greatest common factor of w and v.
21
Let a(s) = 4*s**2 + 22*s - 144. Let h be a(6). Calculate the greatest common divisor of h and 176.
44
Let a(o) = -o**2 - 8*o + 86. Let y be a(-14). Calculate the highest common factor of 206 and y.
2
Suppose 1 = -h, h - 6 = -p + 4*h. Suppose p*j = 6*j + 4*z - 61, 5*j - 94 = z. Calculate the greatest common factor of j and 76.
19
Let u(x) = -6*x - 12. Let t(k) = -3*k - 6. Let c(o) = -11*t(o) + 6*u(o). Let g be c(-14). Calculate the highest common factor of 12 and g.
12
Let c(z) = 2*z**2 - 43*z + 17. Let f be c(22). What is the greatest common divisor of f and 208?
13
Suppose 4*u - 8 = 0, -14 = -5*b + u - 6. Let q = -64 - -91. Suppose -z + q = 3*y, 3*z + y - 39 = 6*y. What is the greatest common divisor of b and z?
2
Suppose 15*k = 4*k + 55. Suppose k*a + 2*a = 154. Calculate the greatest common factor of 11 and a.
11
Suppose 0 = 4*z - 16, 3*v - 1 = -3*z + 20. Let c(d) = -d**3 - 3*d**2 - 3*d - 3. Let s be c(-3). What is the highest common divisor of v and s?
3
Suppose 46*d + 3*d - 3528 = 0. Let p be (72/32)/((-1)/(-4)). Calculate the greatest common divisor of d and p.
9
Let b(h) = -h**3 + 25*h**2 + 148*h + 3. Let t be b(-5). Let d be 2/7 - 44/7. Let n be 274/3 - (-2)/d. Calculate the highest common factor of n and t.
13
Let f be (0 + -3)/(-12 - -11). Suppose 0 = -f*k + 5*j - 16, -2*k - 2*j - 2 = -j. Let y be (-3)/k*(11 + 7). What is the greatest common divisor of 3 and y?
3
Let j be 6/(-5)*(-760)/57. Let n(g) = 0 + 12*g + j*g**2 - 4 + 3 - 14*g. Let v be n(-1). What is the highest common divisor of v and 153?
17
Let r(k) = 3*k + k**2 - 2 - 1 + k**2 - k**2. Let q be r(-6). What is the highest common divisor of 30 and q?
15
Let k(t) = t**3 + 19*t**2 + 20*t + 12. Let l be k(-16). Calculate the highest common factor of 92 and l.
92
Let q(u) = -6*u**3 - u**2 + 1. Let b be q(-2). Let c be 23*1/((-3)/(-3)). Suppose d = -3*i + 9, c = d - i + 6. What is the greatest common factor of b and d?
15
Let x = 346 + -280. What is the greatest common divisor of x and 726?
66
Suppose 0*g - 4*w + 2 = -3*g, -5*w - 5 = -5*g. Let t(r) = -8*r + 2*r + g*r + r**2 + 8*r. Let s be t(-11). Calculate the highest common factor of s and 22.
11
Suppose -127*m = -166*m + 34398. Calculate the highest common factor of m and 98.
98
Suppose n = 5*l - 8*l + 575, 5 = n. Calculate the greatest common factor of 30 and l.
10
Let x(y) = -y + 49. Let n be x(0). Suppose -10*b = -3*b - n. What is the greatest common divisor of 49 and b?
7
Suppose 1336 - 454 = 7*m. What is the highest common factor of 36 and m?
18
Let z(g) = -4*g + 27. Let p be z(9). Let w(t) = -14*t - 26. Let l be w(p). Calculate the greatest common factor of l and 40.
20
Let s(t) = -t**2 - 8*t - 1. Let v be s(-6). Let y(l) = 2*l**2 - 6*l - 23. Let d be y(7). What is the highest common factor of d and v?
11
Let d = -41 + 33. Let b = 20 + d. Calculate the greatest common divisor of b and 12.
12
Let h(z) = -15*z + 9. Let y be h(-7). Let v(f) = -f**2 + 76*f + 76. Let b be v(76). What is the greatest common factor of y and b?
38
Let o = 2430 - 2419. Suppose -2*s + d + 142 - 51 = 0, 5*s + 2*d - 214 = 0. What is the highest common factor of o and s?
11
Suppose -8*s + 3*s = -75. Let o be (-2)/4*14 - -3. Let r be 3/6 - 478/o. Calculate the highest common divisor of r and s.
15
Suppose 4*j - 8 = -0*j. Suppose -5*o + 2*a = a - 500, 5*a = -j*o + 200. What is the greatest common factor of 10 and o?
10
Suppose 4*a = -2*p + 942, 300 + 905 = 5*a - 3*p. Calculate the highest common factor of a and 51.
17
Suppose 2*a - 21 = 39. Let o = 581 - 569. What is the greatest common divisor of o and a?
6
Suppose 364 = 173*x - 160*x. What is the highest common factor of 4 and x?
4
Suppose -71 = 5*b + 4*a - 230, -3*a = 5*b - 163. Calculate the greatest common divisor of 10 and b.
5
Suppose 9*u - 284 - 1300 = 0. Suppose -2*g - 6*v = -v - 37, 31 = 2*g - v. Calculate the highest common factor of u and g.
16
Suppose 2*t - 2 = 6. Suppose t = -s + 9. Let h be 10*1/s*2. Calculate the greatest common divisor of h and 4.
4
Suppose 160 = 3*o - 71. Let c be (4/(-6))/(4/(-330)). Suppose -31*z + c = -26*z. Calculate the highest common factor of o and z.
11
Suppose 700 = u + 13*u. Let n be ((-27)/2)/((-5)/u). Suppose 0 = -4*z - z + 135. What is the highest common divisor of z and n?
27
Let r = 948 + -921. Calculate the greatest common divisor of r and 837.
27
Suppose -75*w + 13*w + 10912 = 0. Calculate the greatest common factor of w and 308.
44
Suppose 0 = -8*w + 27 - 75. Let j be ((-38)/4)/(w/12 + 0). What is the highest common divisor of 133 and j?
19
Suppose 14*m - 929 = 891. Calculate the highest common divisor of 80 and m.
10
Let w(k) = -k**3 - 6*k**2 + 23*k + 73. Let a be w(-8). Let n be -17*2*(-9)/6. Calculate the greatest common factor of a and n.
17
Let p be 17/1 - (6 + (-6)/2). Let g(k) = -3*k + 46. Let l be g(p). Calculate the highest common divisor of 4 and l.
4
Suppose -4*o + 9 = u, 1 = 2*u - 4*o + 7. Calculate the highest common factor of u and 17.
1
Let o(l) = l**2 - 5*l + 29. Let w be o(0). Suppose -140 = -5*h - p, -7*h + 91 = -3*h + 5*p. What is the greatest common factor of w and h?
29
Let f = -50 + 27. Let d = f - -5. Let h = d - -23. What is the highest common divisor of h and 45?
5
Suppose j = -2*u, -2*u - 9 + 1 = 0. Suppose -5*v + 11 = -b - b, -35 = 5*b - 5*v. Let c = j - b. What is the highest common factor of c and 8?
8
Let b = -33 - -38. Suppose 2 + 173 = -b*i. Let c be (-2)/7 - 710/i. What is the highest common factor of 40 and c?
20
Let l be (-31)/(-3)*12/4. Suppose l = 2*g - g. What is the greatest common factor of g and 341?
31
Let n(r) = 5*r**3 + 4*r**2 - 10*r + 13. Let k be n(4). What is the greatest common divisor of 21 and k?
21
Suppose -4*h = -r - 542, -4*r - 400 = -4*h + 148. Calculate the highest common factor of h and 5.
5
Let j be 9/(-12)*8/(-2). Let p(n) = j + 8*n**2 - n**3 + 8*n + 0 - 2 + 9. Let z be p(9). Calculate the highest common divisor of 1 and z.
1
Let y = 23 - -3. Suppose 2 = -3*z + y. Let m be (-162)/(-21) + z/28. Calculate the greatest common divisor of 12 and m.
4
Let q be 10/(-2)*(13 + -69). Calculate the highest common factor of 112 and q.
56
Let l = 129 - -103. What is the highest common divisor of 29 and l?
29
Let a(b) be the first derivative of -13*b + 17*b**2 - 3 + 2 - 1. Let u be a(7). What is the greatest common divisor of u and 25?
25
Suppose -9*q + 2541 + 1320 = 0. Calculate the 